o base 9.
6346270
2790 (base 15) to base 13
3b0a
Convert 15507372 (base 9) to base 7.
122540006
-17b6001 (base 12) to base 9
-10308401
What is -3851a (base 16) in base 11?
-148351
Convert 134726 (base 9) to base 11.
56873
What is 4c48a (base 15) in base 5?
30302110
Convert a9738 (base 16) to base 3.
1022021002101
-402134040 (base 5) to base 6
-54140010
Convert 66c99 (base 13) to base 10.
186702
Convert 14588844 (base 9) to base 15.
986ee1
-1144073 (base 9) to base 3
-1011111002110
What is -1112120211 (base 4) in base 8?
-1263045
Convert -2c831 (base 13) to base 8.
-245616
What is 51326077 (base 8) in base 10?
10857535
200331310 (base 4) to base 11
924a3
Convert 2440235 (base 6) to base 2.
11111101010011111
What is -33001201013 (base 4) in base 7?
-45322100
What is -2031232 (base 7) in base 12?
-b8731
What is -97c5a9 (base 13) in base 2?
-1101100111010100010000
What is 280037 (base 9) in base 5?
20424440
Convert -201302200110 (base 4) to base 13.
-1ab18c5
What is 1054d1 (base 16) in base 8?
4052321
What is -6482d (base 14) in base 8?
-732611
-24012 (base 5) to base 3
-2102002
-6d0b7e (base 15) to base 13
-1108784
-111221110000210 (base 3) to base 16
-710fa9
155a1 (base 11) to base 14
8044
-198512 (base 10) to base 12
-96a68
-2602709 (base 11) to base 5
-2123403241
What is -146103 (base 8) in base 9?
-78651
Convert -10477622 (base 9) to base 8.
-23257555
Convert -526356 (base 7) to base 13.
-325c5
What is 3c5c55 (base 13) in base 11?
914226
95291 (base 13) to base 6
5431002
-111001110001010 (base 2) to base 15
-8b6d
What is 112346 (base 10) in base 13?
3c1a0
Convert 596a5b (base 14) to base 12.
1032bb5
What is -2655603 (base 11) in base 16?
-4609c1
-217128 (base 9) to base 13
-4715c
-100102210222 (base 3) to base 14
-4b9a7
623a1 (base 13) to base 4
223010032
124644 (base 10) to base 13
44970
Convert 29415 (base 12) to base 16.
e111
Convert 12686794 (base 10) to base 9.
25776007
Convert 21102001233 (base 4) to base 12.
994093
What is 25548 (base 13) in base 3?
10111200000
What is 1122311 (base 5) in base 16?
4f6b
Convert 11a68 (base 13) to base 6.
410342
Convert d3264c (base 14) to base 2.
11011001000101111011100
What is -2017040 (base 8) in base 3?
-1000000202201
Convert -1000110101010011 (base 2) to base 9.
-54558
What is -b10713 (base 13) in base 10?
-4113983
Convert -10010011010001001 (base 2) to base 12.
-37775
Convert 110103010 (base 6) to base 9.
3628506
Convert -1521014243 (base 6) to base 9.
-38817080
What is 7246122 (base 9) in base 13?
a55cc0
Convert -1232001 (base 4) to base 16.
-1b81
What is 5467c3 (base 13) in base 16?
1e4ad1
What is 24355474 (base 9) in base 4?
231122222122
What is 212201121201 (base 3) in base 12?
1a6317
What is -11354323 (base 8) in base 12?
-9b746b
13876121 (base 10) to base 12
47921b5
What is -103945 (base 10) in base 12?
-501a1
662a6 (base 11) to base 10
96190
What is 16343425 (base 7) in base 15?
2164c1
What is 11010110111001000 (base 2) in base 11?
75732
-526153 (base 8) to base 13
-6199a
What is 308827 (base 13) in base 10?
1132840
1a8317 (base 11) to base 4
1031300122
Convert -3b7508 (base 13) to base 6.
-50542254
4607631 (base 10) to base 13
c54312
-1889308 (base 10) to base 16
-1cd41c
-28c08 (base 15) to base 4
-133332032
Convert -1123120200 (base 4) to base 12.
-160740
Convert -1a4b3b (base 12) to base 15.
-92a75
What is -1231111123 (base 4) in base 8?
-1552533
60683 (base 14) to base 7
1653523
Convert -2403501 (base 6) to base 9.
-210721
Convert -53ae5 (base 16) to base 6.
-11202501
Convert -1012121002212201 (base 3) to base 9.
-35532781
643065 (base 7) to base 8
331642
Convert 3402554 (base 7) to base 11.
26845a
2030264 (base 9) to base 13
2bbb02
Convert 10000000100011000001 (base 2) to base 7.
4322033
8a646 (base 14) to base 10
336006
What is 210001000001221 (base 3) in base 15?
eac8d1
Convert 100101300102 (base 4) to base 11.
2454975
Convert -331224303 (base 5) to base 12.
-58b629
Convert -193873 (base 10) to base 16.
-2f551
101001001110101000 (base 2) to base 7
1302224
What is 3323314 (base 5) in base 14?
1719d
Convert 47333 (base 12) to base 15.
1d476
What is 35760534 (base 8) in base 16?
77e15c
Convert -212730 (base 12) to base 6.
-15112500
Convert -31021101 (base 4) to base 9.
-81763
-164631 (base 11) to base 6
-5244245
Convert 2b949 (base 12) to base 9.
103733
-988c0 (base 13) to base 6
-5530221
What is -85d4d9 (base 15) in base 8?
-30237360
-3011223111 (base 5) to base 8
-26572507
Convert -2003132302 (base 4) to base 2.
-10000011011110110010
111520510 (base 6) to base 2
111110011111101111010
Convert 22820a2 (base 12) to base 2.
11001010100110111111010
595276 (base 10) to base 11
377270
What is 4cc715 (base 14) in base 16?
28624f
-1227060 (base 8) to base 13
-bb6b9
What is 4092e (base 15) in base 14?
547a1
182598 (base 12) to base 16
664c4
Convert 1cedf1 (base 16) to base 8.
7166761
-106bc87 (base 13) to base 16
-4caae1
-6224252 (base 8) to base 2
-110010010100010101010
What is -3302a3 (base 14) in base 13?
-487138
What is -20221010111110 (base 3) in base 16?
-3833c7
-156a36 (base 11) to base 14
-64a43
What is 652942 (base 13) in base 10?
2376532
-3310222 (base 4) to base 10
-15658
What is -156707 (base 14) in base 15?
-eb84c
Convert -2288395 (base 11) to base 15.
-53d3b2
Convert -46670 (base 12) to base 9.
-153263
Convert 51103 (base 14) to base 15.
3cbb8
What is -1222211111100 (base 3) in base 2?
-100000010101100001101
What is 52011431 (base 8) in base 5?
10304434222
What is b6703 (base 13) in base 8?
1201533
Convert -2a6c1 (base 14) to base 8.
-316221
Convert 54b487 (base 14) to base 4.
22331220033
What is 1adc8 (base 15) in base 8?
252700
What is 101001001110101010110 (base 2) in base 7?
14324525
What is 2703729 (base 10) in base 6?
133541133
What is 1025405 (base 7) in base 13?
447b9
What is -1001000001000111101100 (base 2) in base 8?
-11010754
-110416 (base 7) to base 2
-100101111011001
-5054140 (base 6) to base 13
-85722
What is -96274 (base 12) in base 10?
-197368
What is 3656541 (base 10) in base 15?
4c3646
What is -357270 (base 11) in base 12?
-233662
-177232 (base 8) to base 3
-10022102000
-22220311 (base 4) to base 12
-21271
What is 10101001011001110111 (base 2) in base 9?
1266736
Convert -704b9 (base 15) to base 8.
-1266171
-bc152 (base 13) to base 6
-11145351
111100011110111001 (base 2) to base 12
bb449
Convert 5a1d4 (base 14) to base 12.
a7312
435939 (base 11) to base 10
695913
360400 (base 7) to base 9
108167
What is -3829 (base 12) in base 10?
-6369
Convert -1abe94 (base 15) to base 14.
-25dd67
Convert 22540624 (base 7) to base 13.
54273a
What is -767044 (base 12) in base 4?
-13022211310
Convert -350110 (base 7) to base 5.
-3444412
-31312101331 (base 4) to base 9
-6742631
-9ed8d (base 16) to base 4
-2132312031
Convert -114316620 (base 7) to base 10.
-7114128
355360 (base 12) to base 5
204444240
What is -2c4779 (base 13) in base 8?
-4133335
What is 1247752 (base 14) in base 10?
8779500
Convert -8c25a (base 13) to base 4.
-332110201
Convert 10100211202201 (base 3) to base 7.
21125011
2221011021 (base 3) to base 16
e16a
23301013 (base 4) to base 12
23a87
Convert -102012212003 (base 4) to base 5.
-2203324403
What is 8a0881 (base 11) in base 14?
2953c7
-222101201 (base 4) to base 2
-101010010001100001
What is 2c3cd7 (base 16) in base 13?
7a67a3
Convert 11010133300 (base 4) to base 10.
1329136
What is 22220220122020 (base 3) in base 14?
8b613b
What is 582468 (base 10) in base 8?
2161504
228b02 (base 13) to base 16
c7fc9
What is bf0a8 (base 16) in base 3?
1110202101122
-100101000010001000100 (base 2) to base 9
-2248552
What is -214b5 (base 12) in base 3?
-2020020102
Convert 1012210120212 (base 3) to base 14.
12b3bb
What is -2161650 (base 7) in base 14?
-6d527
What is 23 (base 4) in base 6?
15
Convert 23040223 (base 5) to base 12.
9b048
What is -1111001011010010101000 (base 2) in base 16?
-3cb4a8
What is -467566 (base 11) in base 5?
-142221134
-1005077 (base 9) to base 11
-336086
25362057 (base 8) to base 2
10101011110010000101111
What is 2ee36 (base 15) in base 3?
21201002120
Convert 1507560 (base 9) to base 11.
51930a
-526556 (base 10) to base 15
-a603b
299c07 (base 14) to base 12
59a27b
-260a0c (base 16) to base 4
-21200220030
What is -124131143 (base 6) in base 7?
-26503014
-3